{"id":457,"date":"2021-03-31T15:00:33","date_gmt":"2021-03-31T13:00:33","guid":{"rendered":"https:\/\/3frauenncomics.podcaster.de\/?page_id=457"},"modified":"2023-04-07T15:06:40","modified_gmt":"2023-04-07T13:06:40","slug":"about-us","status":"publish","type":"page","link":"https:\/\/3frauenncomics.podcaster.de\/index.php\/about-us\/","title":{"rendered":"About us"},"content":{"rendered":"\n<h2 class=\"wp-block-heading\">Staffel 2<\/h2>\n\n\n\n<p><strong>Frauen reden \u00fcber Comics und wissen, was sie tun<\/strong><\/p>\n\n\n\n<p>Der Comicklatsch. 3 Frauen. n Comics. Bei Kaffee, Tee, Gin und Kuchen unterhalten sich Ariane, Melly und Sandra \u00fcber eine unbestimmte Anzahl Comics. Jede stellt einen Comic oder Manga vor und wirft einen Blick zur\u00fcck auf ihren Lesemonat. Dabei entsteht eine bunte Mischung aus News, Empfehlungen und Comicgerede, die nur selten Anteile von Superheld*innen hat. Bekannt sind sie au\u00dferdem f\u00fcr ihre kreativ-verr\u00fcckten Specials. Zielgruppe: Menschen<\/p>\n\n\n\n<p><strong>Sandra<\/strong>, diese Frau hat ein Herz f\u00fcr regenbogenfarbene Nilpferde<br><strong>Melly<\/strong>, diese Frau steht auf asiatische pinke Glitzer-Ged\u00e4rme<br><strong>Ariane<\/strong>, diese Frau liebt es blutig im All oder auf Spazierg\u00e4ngen mit Tentakel-Monstern<\/p>\n\n\n\n<p><a rel=\"noreferrer noopener\" href=\"https:\/\/discord.gg\/Za84Hkxc\" target=\"_blank\">F\u00fcr mehr Austausch kommt auf unseren Discord Server.<\/a><\/p>\n\n\n\n<figure class=\"wp-block-gallery has-nested-images columns-default is-cropped is-style-rectangular wp-block-gallery-1 is-layout-flex wp-block-gallery-is-layout-flex\">\n<figure class=\"wp-block-image size-large\"><img loading=\"lazy\" decoding=\"async\" width=\"512\" height=\"512\" data-id=\"635\" src=\"https:\/\/3frauenncomics.podcaster.de\/files\/2023\/04\/Booknapping_frontal_512x512.jpg\" alt=\"\" class=\"wp-image-635\" srcset=\"https:\/\/3frauenncomics.podcaster.de\/files\/2023\/04\/Booknapping_frontal_512x512.jpg 512w, https:\/\/3frauenncomics.podcaster.de\/files\/2023\/04\/Booknapping_frontal_512x512-300x300.jpg 300w, https:\/\/3frauenncomics.podcaster.de\/files\/2023\/04\/Booknapping_frontal_512x512-150x150.jpg 150w\" sizes=\"auto, (max-width: 512px) 100vw, 512px\" \/><\/figure>\n\n\n\n<figure class=\"wp-block-image size-large\"><img loading=\"lazy\" decoding=\"async\" width=\"1024\" height=\"1022\" data-id=\"636\" src=\"https:\/\/3frauenncomics.podcaster.de\/files\/2023\/04\/Melly-1024x1022.jpg\" alt=\"\" class=\"wp-image-636\" srcset=\"https:\/\/3frauenncomics.podcaster.de\/files\/2023\/04\/Melly-1024x1022.jpg 1024w, https:\/\/3frauenncomics.podcaster.de\/files\/2023\/04\/Melly-300x300.jpg 300w, https:\/\/3frauenncomics.podcaster.de\/files\/2023\/04\/Melly-150x150.jpg 150w, https:\/\/3frauenncomics.podcaster.de\/files\/2023\/04\/Melly-768x767.jpg 768w, https:\/\/3frauenncomics.podcaster.de\/files\/2023\/04\/Melly-301x300.jpg 301w, https:\/\/3frauenncomics.podcaster.de\/files\/2023\/04\/Melly.jpg 1170w\" sizes=\"auto, (max-width: 1024px) 100vw, 1024px\" \/><\/figure>\n\n\n\n<figure class=\"wp-block-image size-large\"><img loading=\"lazy\" decoding=\"async\" width=\"1024\" height=\"1024\" data-id=\"637\" src=\"https:\/\/3frauenncomics.podcaster.de\/files\/2023\/04\/Nerd-mit-Nadel-1024x1024.jpg\" alt=\"\" class=\"wp-image-637\" srcset=\"https:\/\/3frauenncomics.podcaster.de\/files\/2023\/04\/Nerd-mit-Nadel-1024x1024.jpg 1024w, https:\/\/3frauenncomics.podcaster.de\/files\/2023\/04\/Nerd-mit-Nadel-300x300.jpg 300w, https:\/\/3frauenncomics.podcaster.de\/files\/2023\/04\/Nerd-mit-Nadel-150x150.jpg 150w, https:\/\/3frauenncomics.podcaster.de\/files\/2023\/04\/Nerd-mit-Nadel-768x768.jpg 768w, https:\/\/3frauenncomics.podcaster.de\/files\/2023\/04\/Nerd-mit-Nadel-1536x1536.jpg 1536w, https:\/\/3frauenncomics.podcaster.de\/files\/2023\/04\/Nerd-mit-Nadel-2048x2048.jpg 2048w\" sizes=\"auto, (max-width: 1024px) 100vw, 1024px\" \/><\/figure>\n<\/figure>\n\n\n\n<h2 class=\"wp-block-heading\">Wo finde ich den Podcast?<\/h2>\n\n\n\n<p>auf <a rel=\"noreferrer noopener\" href=\"https:\/\/www.facebook.com\/ComicKlatsch\" target=\"_blank\"><strong>facebook<\/strong><\/a><br>auf <strong><a rel=\"noreferrer noopener\" href=\"https:\/\/twitter.com\/ComicKlatsch\" target=\"_blank\">Twitter<\/a><\/strong><br>auf <strong><a rel=\"noreferrer noopener\" href=\"https:\/\/www.instagram.com\/comicklatsch\/\" target=\"_blank\">Instagram<\/a><\/strong><br>auf <strong><a href=\"https:\/\/www.youtube.com\/@dercomicklatsch\" target=\"_blank\" rel=\"noreferrer noopener\">YouTube<\/a><\/strong><\/p>\n\n\n\n<p>Au\u00dferdem findet ihr uns bei<strong><a rel=\"noreferrer noopener\" href=\"https:\/\/itunes.apple.com\/de\/podcast\/3-frauen-n-comics-der-comicklatsch\/id1400947946?mt=2\" target=\"_blank\"> iTunes<\/a>, <a rel=\"noreferrer noopener\" href=\"https:\/\/open.spotify.com\/show\/4LRegyYD5A4EjjmVk90gbh?si=bGrZzepaTCWW9Yp_P1FMzw\" target=\"_blank\">Spotify<\/a>, <a rel=\"noreferrer noopener\" href=\"https:\/\/www.deezer.com\/de\/show\/449792\" target=\"_blank\">Deezer<\/a>, <\/strong><a rel=\"noreferrer noopener\" href=\"https:\/\/podcasts.google.com\/?feed=aHR0cHM6Ly8zZnJhdWVubmNvbWljcy5wb2RjYXN0ZXIuZGUvaW5kZXgucGhwL2ZlZWQv\" target=\"_blank\"><strong>Google Podcasts<\/strong><\/a><strong>, <a rel=\"noreferrer noopener\" href=\"https:\/\/fyyd.de\/podcast\/3-frauen-n-comics-der-comicklatsch\/0\" target=\"_blank\">fyyd<\/a><\/strong> und in eurer <strong>Podcast App<\/strong>. Sollte der Podcast in eurer App nicht direkt auftauchen, k\u00f6nnt ihr ihn mit diesem <a rel=\"noreferrer noopener\" href=\"https:\/\/3frauenncomics.podcaster.de\/DerComicKlatsch.rss\" target=\"_blank\">Link manuell<\/a> in euren Podcatcher einbinden.<\/p>\n\n\n\n<h2 class=\"wp-block-heading\">Staffel 1<\/h2>\n\n\n\n<h3 class=\"wp-block-heading\">Wer seid ihr?<\/h3>\n\n\n\n<p><a href=\"https:\/\/nerd-mit-nadel.de\/\" target=\"_blank\" rel=\"noreferrer noopener\"><strong>Ariane<\/strong> schreibt auf <strong>Nerd mit Nadel<\/strong><\/a><br><strong><a href=\"https:\/\/life4books.de\/\" target=\"_blank\" rel=\"noreferrer noopener\">Christin <\/a><\/strong><a href=\"https:\/\/life4books.de\/\" target=\"_blank\" rel=\"noreferrer noopener\">schreibt auf <\/a><strong><a href=\"https:\/\/life4books.de\/\" target=\"_blank\" rel=\"noreferrer noopener\">Life4Books<br><\/a><\/strong><strong><a href=\"https:\/\/www.booknapping.de\/\" target=\"_blank\" rel=\"noreferrer noopener\">Sandra <\/a><\/strong><a href=\"https:\/\/www.booknapping.de\/\" target=\"_blank\" rel=\"noreferrer noopener\">schreibt auf <\/a><strong><a href=\"https:\/\/www.booknapping.de\/\" target=\"_blank\" rel=\"noreferrer noopener\">Booknapping<\/a><\/strong><\/p>\n\n\n<div class=\"wp-block-image\">\n<figure class=\"aligncenter\"><img decoding=\"async\" src=\"https:\/\/i0.wp.com\/nerd-mit-nadel.de\/wp-content\/uploads\/2018\/06\/Die-3-Frauen.jpg?resize=770%2C270&amp;ssl=1\" alt=\"\" class=\"wp-image-23478\" \/><\/figure>\n<\/div>\n\n\n<h3 class=\"wp-block-heading\">Was f\u00fcr Vorlieben habt ihr?<\/h3>\n\n\n\n<p>Wir sind eigentlich recht bunt aufgestellt und schauen gerne mal \u00fcber den Tellerrand. Um uns ein bisschen besser kennenzulernen, k\u00f6nnt ihr aber einfach mal in unsere Beitr\u00e4ge zu <strong>Ich und die Comics<\/strong> schauen. Die Aktion wurde von <a href=\"http:\/\/booknapping.de\" target=\"_blank\" rel=\"noreferrer noopener\">Sandra<\/a> und <a href=\"http:\/\/blog.geschichtenagentin.de\/\" target=\"_blank\" rel=\"noreferrer noopener\">Dagmar<\/a> ins Leben gerufen.<\/p>\n\n\n\n<p><a href=\"http:\/\/nerd-mit-nadel.blogspot.de\/2017\/05\/ich-und-die-comics-wie-alles-begann.html\" target=\"_blank\" rel=\"noreferrer noopener\">Ich und die Comics. Wie alles begann. [Blogparade] (Nerd mit Nadel)<\/a><\/p>\n\n\n\n<p><a href=\"http:\/\/life4books.de\/2017\/05\/aktion-damals-oder-mein-weg-in-die-comicwelt\/\" target=\"_blank\" rel=\"noreferrer noopener\">|Aktion| \u201eDamals\u201c oder \u201eMein Weg in die Comicwelt\u201c (Life for Books)<\/a><\/p>\n\n\n\n<p><a rel=\"noreferrer noopener\" href=\"http:\/\/www.booknapping.de\/ich-habe-nichts-ausgelassen-ich-und-die-comics\/\" target=\"_blank\">Ich habe nichts ausgelassen. Ich und die Comics. Teil 1.&nbsp;(Booknapping)<\/a><br><a rel=\"noreferrer noopener\" href=\"https:\/\/www.booknapping.de\/evolution-einer-bildersuechtigen-ich-und-die-comics-teil-2\/\" target=\"_blank\">Evolution einer Bilders\u00fcchtigen. Ich und die Comics. Teil 2. (Booknapping)<\/a><\/p>\n\n\n\n<h2 class=\"wp-block-heading\">Seid ihr eigentlich irre?<\/h2>\n\n\n\n<p>Ja, nat\u00fcrlich!<\/p>\n\n\n\n<figure class=\"wp-block-gallery has-nested-images columns-2 is-cropped wp-block-gallery-2 is-layout-flex wp-block-gallery-is-layout-flex\">\n<figure class=\"wp-block-image size-large\"><img loading=\"lazy\" decoding=\"async\" width=\"1024\" height=\"690\" data-id=\"458\" src=\"https:\/\/3frauenncomics.podcaster.de\/files\/2021\/03\/3-Frauen-n-Comics1-1024x690.jpg\" alt=\"\" class=\"wp-image-458\" srcset=\"https:\/\/3frauenncomics.podcaster.de\/files\/2021\/03\/3-Frauen-n-Comics1-1024x690.jpg 1024w, https:\/\/3frauenncomics.podcaster.de\/files\/2021\/03\/3-Frauen-n-Comics1-300x202.jpg 300w, https:\/\/3frauenncomics.podcaster.de\/files\/2021\/03\/3-Frauen-n-Comics1-768x518.jpg 768w, https:\/\/3frauenncomics.podcaster.de\/files\/2021\/03\/3-Frauen-n-Comics1-1536x1035.jpg 1536w, https:\/\/3frauenncomics.podcaster.de\/files\/2021\/03\/3-Frauen-n-Comics1-445x300.jpg 445w, https:\/\/3frauenncomics.podcaster.de\/files\/2021\/03\/3-Frauen-n-Comics1.jpg 2048w\" sizes=\"auto, (max-width: 1024px) 100vw, 1024px\" \/><\/figure>\n\n\n\n<figure class=\"wp-block-image size-large\"><img loading=\"lazy\" decoding=\"async\" width=\"600\" height=\"447\" data-id=\"460\" src=\"https:\/\/3frauenncomics.podcaster.de\/files\/2021\/03\/3-Frauen-n-Comics2.png\" alt=\"\" class=\"wp-image-460\" srcset=\"https:\/\/3frauenncomics.podcaster.de\/files\/2021\/03\/3-Frauen-n-Comics2.png 600w, https:\/\/3frauenncomics.podcaster.de\/files\/2021\/03\/3-Frauen-n-Comics2-300x224.png 300w, https:\/\/3frauenncomics.podcaster.de\/files\/2021\/03\/3-Frauen-n-Comics2-403x300.png 403w\" sizes=\"auto, (max-width: 600px) 100vw, 600px\" \/><\/figure>\n\n\n\n<figure class=\"wp-block-image size-large\"><img loading=\"lazy\" decoding=\"async\" width=\"698\" height=\"387\" data-id=\"459\" src=\"https:\/\/3frauenncomics.podcaster.de\/files\/2021\/03\/3-Frauen-n-Comics3.png\" alt=\"\" class=\"wp-image-459\" srcset=\"https:\/\/3frauenncomics.podcaster.de\/files\/2021\/03\/3-Frauen-n-Comics3.png 698w, https:\/\/3frauenncomics.podcaster.de\/files\/2021\/03\/3-Frauen-n-Comics3-300x166.png 300w, https:\/\/3frauenncomics.podcaster.de\/files\/2021\/03\/3-Frauen-n-Comics3-500x277.png 500w\" sizes=\"auto, (max-width: 698px) 100vw, 698px\" \/><\/figure>\n<\/figure>\n\n\n\n<h2 class=\"wp-block-heading\">Was hei\u00dft eigentlich 3 Frauen. n Comics.?<\/h2>\n\n\n\n<figure class=\"wp-block-image size-large\"><img loading=\"lazy\" decoding=\"async\" width=\"1024\" height=\"1024\" src=\"https:\/\/3frauenncomics.podcaster.de\/files\/2021\/03\/3-Frauen-n-Comics-1024x1024.png\" alt=\"\" class=\"wp-image-462\" srcset=\"https:\/\/3frauenncomics.podcaster.de\/files\/2021\/03\/3-Frauen-n-Comics-1024x1024.png 1024w, https:\/\/3frauenncomics.podcaster.de\/files\/2021\/03\/3-Frauen-n-Comics-300x300.png 300w, https:\/\/3frauenncomics.podcaster.de\/files\/2021\/03\/3-Frauen-n-Comics-150x150.png 150w, https:\/\/3frauenncomics.podcaster.de\/files\/2021\/03\/3-Frauen-n-Comics-768x768.png 768w, https:\/\/3frauenncomics.podcaster.de\/files\/2021\/03\/3-Frauen-n-Comics.png 1080w\" sizes=\"auto, (max-width: 1024px) 100vw, 1024px\" \/><\/figure>\n","protected":false},"excerpt":{"rendered":"<p>Staffel 2 Frauen reden \u00fcber Comics und wissen, was sie tun Der Comicklatsch. 3 Frauen. n Comics. Bei Kaffee, Tee, Gin und Kuchen unterhalten sich Ariane, Melly und Sandra \u00fcber eine unbestimmte Anzahl Comics. Jede stellt einen Comic oder Manga &hellip; <a href=\"https:\/\/3frauenncomics.podcaster.de\/index.php\/about-us\/\">Weiterlesen <span class=\"meta-nav\">&rarr;<\/span><\/a><\/p>\n","protected":false},"author":2490,"featured_media":0,"parent":0,"menu_order":0,"comment_status":"closed","ping_status":"closed","template":"","meta":{"enclosure":"","podcast_author":"","podcast_copyright":"","podcast_website":"","podcast_logo":"","footnotes":""},"class_list":["post-457","page","type-page","status-publish","hentry"],"jetpack_sharing_enabled":true,"_links":{"self":[{"href":"https:\/\/3frauenncomics.podcaster.de\/index.php\/wp-json\/wp\/v2\/pages\/457","targetHints":{"allow":["GET"]}}],"collection":[{"href":"https:\/\/3frauenncomics.podcaster.de\/index.php\/wp-json\/wp\/v2\/pages"}],"about":[{"href":"https:\/\/3frauenncomics.podcaster.de\/index.php\/wp-json\/wp\/v2\/types\/page"}],"author":[{"embeddable":true,"href":"https:\/\/3frauenncomics.podcaster.de\/index.php\/wp-json\/wp\/v2\/users\/2490"}],"replies":[{"embeddable":true,"href":"https:\/\/3frauenncomics.podcaster.de\/index.php\/wp-json\/wp\/v2\/comments?post=457"}],"version-history":[{"count":8,"href":"https:\/\/3frauenncomics.podcaster.de\/index.php\/wp-json\/wp\/v2\/pages\/457\/revisions"}],"predecessor-version":[{"id":638,"href":"https:\/\/3frauenncomics.podcaster.de\/index.php\/wp-json\/wp\/v2\/pages\/457\/revisions\/638"}],"wp:attachment":[{"href":"https:\/\/3frauenncomics.podcaster.de\/index.php\/wp-json\/wp\/v2\/media?parent=457"}],"curies":[{"name":"wp","href":"https:\/\/api.w.org\/{rel}","templated":true}]}}